. Calculate the greatest common divisor of 32 and t.
8
Let u(s) = -47*s - 38. Let c be u(-2). Calculate the greatest common factor of 252 and c.
28
Suppose 11 = -2*s + 13*s. Let z = -421 - -434. Calculate the greatest common factor of z and s.
1
Suppose 202 = 5*n + 4*w, -3*n - 27 = -4*w - 161. Suppose 8 = 2*x - 2. Suppose 3*z = 5*z, -x*s + z + 140 = 0. Calculate the greatest common factor of s and n.
14
Suppose -4*j = -38 + 2. Let g be (51 + j)*(-1)/(-3)*8. Calculate the highest common divisor of g and 128.
32
Let c be (-6)/(-4)*220/6 - 0. Suppose 0 = -3*m - m + u + c, -5*m = 5*u - 50. Let s = m + 21. Calculate the greatest common factor of 17 and s.
17
Let k be ((-9)/6)/(2*(-12)/32). Let n(d) = d + 0 + k + 2 - 8*d**3 - 2. Let m be n(-1). What is the highest common divisor of m and 63?
9
Let m be (-5 + 59)/(-1)*((-170)/(-30) + -11). Calculate the greatest common factor of 852 and m.
12
Suppose -z = 2*d + z - 4, 2*z = d - 5. Suppose 5*o + 5*u = 200, -5*u + d*u + 124 = 3*o. What is the greatest common factor of o and 110?
22
Let r = 130 - 58. Suppose -5*j = -3*q - 76, -5*j - q + 1418 = 1390. Calculate the greatest common divisor of j and r.
8
Suppose 2*o = 3*f + 71, f - 79 = -3*o + 44. Let b be (-9*2)/(((-21)/105)/(16/48)). What is the highest common divisor of b and o?
10
Suppose 217*n - 228*n + 814 = 0. What is the greatest common divisor of n and 148?
74
Suppose 3*h - 13793 + 12617 = 0. Calculate the highest common divisor of 84 and h.
28
Suppose 232*s = 96659 + 823566 + 877543. What is the greatest common divisor of s and 1148?
287
Let c(a) = 2*a**2 - 18*a + 14. Suppose 0 = -4*l + 62 - 22. Let b be c(l). What is the greatest common factor of b and 17?
17
Let y(r) = -r**2 - 30*r - 42. Let l be y(-27). Let h = l + -41. Let c be 8*28/21*(-3)/h. Calculate the greatest common factor of 80 and c.
16
Suppose -10*o - 1994 - 86 = -36*o. What is the greatest common factor of 1400 and o?
40
Let g(p) = -p**2 + 9*p - 4. Let w be g(3). Suppose -5*q = -w*f + 10*f + 175, -f + 55 = -5*q. Calculate the greatest common divisor of 20 and f.
20
Suppose 0 = -120*w + 24434 - 7994. What is the greatest common divisor of 959 and w?
137
Let r(t) = 24*t**3 + 7*t**2 + 12*t - 1. Let y be r(-6). Let f be 2/(-12) - y/78. Suppose -f = -6*q + 80. Calculate the greatest common factor of q and 36.
12
Let q(m) be the first derivative of 1/3*m**3 - 12 + 0*m**2 - 1/2*m**4 + 26*m. Let p be q(0). What is the greatest common divisor of p and 104?
26
Suppose -7*t + 589 - 50 = 0. Let f = 80 - t. What is the highest common divisor of 7 and f?
1
Let f(t) = t**3 - 7*t**2 - 24*t - 75. Let i be f(17). Calculate the greatest common factor of 29 and i.
29
Suppose -4*z = 4*n - 1252, 7*z = 4*z + 15. Suppose -n = 7*c - 14*c. What is the greatest common factor of 352 and c?
44
Suppose 22 = -8*x + 62. Suppose 3*o = -5*q - 53, x*q - 3*q + 16 = 4*o. Let w be 33/(-1)*q/15. What is the highest common factor of w and 2?
2
Let d(k) = -195*k + 851. Let u be d(3). Calculate the highest common factor of u and 294.
14
Let x be ((-50)/(-3))/(9/27) - 1. Suppose 64*v - x*v - 855 = 0. What is the greatest common divisor of v and 456?
57
Let i(y) = 373*y + 42. Let g be i(1). What is the highest common factor of g and 83?
83
Let f(v) = v**2 + 95*v + 642. Let p be f(-89). What is the highest common divisor of 2556 and p?
36
Let a(y) = 8*y + 7. Let o be a(10). Suppose -6*f + 10*f = -4*i + 116, -4*i = -2*f - 116. Calculate the greatest common divisor of o and i.
29
Let p = -1557 - -1637. What is the greatest common divisor of p and 656?
16
Let l be 2710/6 + (-14)/21. What is the greatest common divisor of l and 44?
11
Let o be (-91)/(-6) + 7/((-42)/(-5)). Suppose -581 - 1195 = -6*c. What is the highest common divisor of c and o?
8
Let r(f) = -f**2 + f - 1. Let u(n) = 6*n**2 + 12*n - 14. Let v(b) = -r(b) + u(b). Let o be v(2). Calculate the greatest common divisor of o and 37.
37
Suppose 2*h = z + 2767, 68*h - 2*z + 2788 = 70*h. What is the greatest common factor of h and 38?
19
Let q = 43291 - 29313. Calculate the greatest common divisor of 58 and q.
58
Suppose w = -z + 9, 0 = -w - 3*w - 12. Let g be -4 + -213*(-14)/21. What is the highest common divisor of g and z?
6
Suppose -2*u - 4*s + 16 = 0, -4*s + 9 - 1 = 0. Suppose r - n - n = 145, 0 = u*n. Suppose 9*z - 395 - r = 0. What is the greatest common factor of z and 15?
15
Suppose -15*s = -3*s + 72. Let o be -3 + 4 - (-122 - 1) - s. What is the greatest common divisor of 70 and o?
10
Suppose 2*t - 1662 = -2*r, 4*t - 4*r - 3176 = 164. Calculate the greatest common factor of 51 and t.
17
Let s(o) = -33 + 3 + 12*o - 6*o - 5*o. Let u be s(41). What is the greatest common factor of 385 and u?
11
Suppose 3*s + 3*b - 9 = 0, -5*b = -11*s + 9*s - 1. What is the greatest common divisor of s and 158?
2
Let i = 98 + 88. Let x = -130 + i. Let p be 2/((-28)/(-2902)) - 16/x. Calculate the highest common factor of p and 23.
23
Let t be 4*-2*(-15)/30. Let r(k) = 3*k**2 - 3*k. Let z be r(11). Suppose -2*i = t*i - z. Calculate the highest common factor of 11 and i.
11
Let y be (-31 + 88 - 45)*(-1)/((-2)/39). What is the greatest common factor of 42 and y?
6
Suppose 1902 = 35*w - 2394 - 2529. Suppose 2*a + 0*a - 120 = 0. What is the greatest common factor of w and a?
15
Let f = 1 + 0. Let j be -2*(f/(-2) + -2). Suppose 469*c - 5*g = 466*c - 19, 0 = -2*c - 2*g + 14. What is the highest common factor of c and j?
1
Let p be (-31)/(8/(-3) - 126/(-54)). Calculate the greatest common divisor of p and 1674.
93
Suppose 63*t + 69*t = 276012. What is the highest common factor of 102 and t?
51
Suppose -q = -1, f - 8*q = -9*q + 942. Let r = f + -485. Calculate the highest common divisor of 57 and r.
57
Let w be (9058/(-3235))/(-2 - 58/(-30)). What is the highest common factor of 5866 and w?
14
Suppose 0 = 5*i + 4*s + 967, -2*i - 4*s - 163 - 231 = 0. Let r = 273 + i. Calculate the highest common divisor of r and 41.
41
Let b = -106 - -178. Let y be ((b/14)/(-6))/((-4)/112). Calculate the greatest common factor of 24 and y.
24
Suppose 4*y - 216 = -948. Let c = -127 - y. Calculate the greatest common divisor of 28 and c.
28
Let w be (-5)/20*-2428 - (1 + -3 - 0). What is the greatest common factor of 2233 and w?
203
Let n(b) = -2*b**3 - 9*b**2 - 16*b + 18. Let h be n(-4). What is the highest common factor of 1782 and h?
66
Suppose 3*a - 53 = -a + g, -5*g + 23 = 4*a. Suppose -1204 = -a*l - 124. What is the highest common factor of 40 and l?
10
Suppose 108*m - 1064 = 276 + 1360. Calculate the highest common divisor of 2560 and m.
5
Let v(x) = -16*x**2 + 5*x + 2. Let c be v(2). Let g = c + 48. Let h be g*(2/(-5) - 15/(-100)). What is the greatest common divisor of 13 and h?
1
Let s be 32 - ((-3)/6)/1*0. Let v = s - 30. Suppose -i + 5*q + 24 = -1, -q = -v*i + 23. Calculate the highest common divisor of i and 10.
10
Let v = 323 - 319. Let c be (3/v)/(9/204). What is the greatest common divisor of 17 and c?
17
Let p be ((-9240)/196)/(1840/616 - 6/2). Calculate the highest common divisor of p and 66.
66
Let f be 7794/63 + 24/84. Calculate the greatest common factor of 12 and f.
4
Let u(p) = 21*p**3 + 12*p**2 + 37*p - 233. Let j be u(5). Calculate the highest common divisor of j and 21.
21
Let i(k) = -5*k - 11. Let g be i(-3). Suppose -7*q + g*l = -8*q + 132, q + 3*l = 129. What is the greatest common divisor of q and 15?
15
Suppose -3166 = -27*s + 4355 + 1092. What is the highest common divisor of s and 1189?
29
Let h be 45 - 5/(-6 - -1 - -6). Calculate the highest common divisor of 135 and h.
5
Let h(b) = -b**3 - 74*b**2 + 158*b + 546. Let v be h(-76). What is the greatest common divisor of v and 142?
2
Suppose 0 = 130*j + 8967 - 28207. What is the highest common divisor of j and 925?
37
Suppose 0*z + 2*z + 5*u = 31, 2*u = 4*z - 26. Suppose -k + 1130 = 3*m + 760, 4*m = -2*k + 744. Calculate the highest common divisor of z and k.
8
Suppose 2*n - 16 = 3*n + 4*z, -5*n = -2*z + 102. Suppose 0*w + w = 8. Let x be ((250/w)/(-5))/(5/n). What is the highest common divisor of 25 and x?
25
Let r = 7480 - 7460. What is the greatest common divisor of 44 and r?
4
Let z = 343 - 328. Let u = 176 + -41. Calculate the greatest common factor of u and z.
15
Let a = 521 - 517. Let i be (a/13)/(3/39). Calculate the grea